a + 7. Let v be w(u). Calculate the highest common factor of v and q.
6
Let t be ((-2)/4)/(79/(-2370)). Suppose 2*r - u = 10, -4*r - 3*u = r - 3. What is the highest common divisor of t and r?
3
Let o(r) = 5*r**2 + r + 1. Let h be (-2 + 2/3)*-12. Suppose 4*x + 0 = -h. Let f be o(x). Calculate the greatest common divisor of f and 11.
11
Suppose u + 3 = 3*z - 2*u, -4*z + 10 = 2*u. Suppose 5*v + z*k - 49 = 0, -6 = 3*v - 4*k - 51. Calculate the greatest common factor of v and 121.
11
Let h(z) = z**2 + 9*z + 108. Let d be h(-8). Calculate the highest common factor of 125 and d.
25
Suppose -y - 85 = 5*u, -u - 3*y = -4*y + 23. Let d be (-86)/u + 22/99. Suppose -d*m = -7*m + 60. What is the greatest common factor of m and 10?
10
Suppose 0 = -3*r - 9*r + 2904. Suppose 3*z = -5*l - 0*z + 243, -r = -5*l - 2*z. Calculate the greatest common divisor of 72 and l.
24
Let h(b) = -13*b**2 + 6*b - 6. Let t be h(1). Suppose -99 = 5*k + 41. Let d = t - k. Calculate the highest common factor of 10 and d.
5
Suppose -36*v + 34*v = 3*l - 413, 4*v - 3*l - 817 = 0. What is the highest common divisor of 451 and v?
41
Let k = -226 + 237. What is the highest common divisor of 11 and k?
11
Suppose 4*y = y - 36. Let g = y - -14. Let f be (-159)/(-15) + (-12)/20. What is the highest common factor of f and g?
2
Let w be 24/13 - 20/(-130). Let v be w*(1 - (-1)/(-2)). Let n be -1 - -1 - (v - 4). What is the highest common divisor of n and 9?
3
Let v = 201 + -167. Let m = 43 - -8. Calculate the greatest common factor of v and m.
17
Suppose 5*s - j - 68 = 0, -5*j - 31 + 13 = -2*s. What is the greatest common divisor of 2954 and s?
14
Suppose -2*h + 21 = 5. Let t(b) = b**3 - 9*b**2 + 9*b + 15. Let s be t(h). Calculate the highest common factor of 207 and s.
23
Let b(a) = a**3 + 11*a**2 - 14*a - 18. Let l be b(-12). Suppose -6*m + 20 + 16 = 0. What is the highest common divisor of l and m?
6
Let d = -25 - -27. Calculate the highest common factor of 34 and d.
2
Let w = -375 - -417. Calculate the greatest common divisor of 196 and w.
14
Let i(g) = 3*g**3 + 17*g**2 - 6*g + 13. Let o be i(-6). Calculate the greatest common divisor of 390 and o.
13
Let z be ((-1)/2)/((-1)/(-6)) - -17. What is the greatest common factor of z and 518?
14
Let d be (-5)/3*(18 + -3). Let l = d + 46. What is the highest common divisor of 14 and l?
7
Let g = -1651 + 2787. Calculate the highest common divisor of 16 and g.
16
Let v = -186 + 303. What is the greatest common divisor of 13 and v?
13
Suppose 3 - 6 = -3*y. Suppose 2*t - 4*t = -4. Suppose t*x = p - x - y, -p + 2 = -2*x. Calculate the greatest common divisor of 2 and p.
2
Suppose 0 = 4*m + 4*d - 304, -35 = -5*m - d + 345. Calculate the greatest common factor of m and 8.
4
Let p(b) = -5*b - 49. Let r be p(-14). Suppose -19*d - r = -20*d. What is the highest common divisor of 336 and d?
21
Let m = 420 - 239. Let r = m - 120. Let x be r - (-3 + (2 - 1)). Calculate the greatest common divisor of x and 9.
9
Let i be (50 - 1070)*(24/(-10) + 2). Calculate the greatest common divisor of 120 and i.
24
Let d(j) = -11*j + 49. Let h be d(-5). Let f = h - 44. What is the greatest common factor of 60 and f?
60
Suppose -4*a = -2*f + 18, 4*a - 27 = 5*f - 8*f. What is the greatest common divisor of 1 and f?
1
Let y = -7 + 3. Let h be 49 + y*(5 + -4). What is the greatest common divisor of h and 30?
15
Let o be 90/4*(-5 + 13 + -6). Suppose -d - 5*t = -16 - 3, 2*d - 5*t - 8 = 0. Calculate the highest common divisor of o and d.
9
Suppose 0 = 4*k - 0*k + 12. Let l be (1 - 0) + 2 + k. Suppose l = q + 2, 5*a - 7 - 210 = -4*q. What is the greatest common factor of 5 and a?
5
Let f(y) = -5*y**2 - 10*y - 6 + 4*y - 2*y**3 + 4*y**3 - 3*y**3. Let d be f(-4). Suppose 0 = -2*i - d*i + 60. Calculate the highest common factor of 10 and i.
5
Let v be (-1)/(-2)*(-12)/(-6). Calculate the greatest common divisor of v and 46.
1
Let h = 14 - 9. Suppose -106 = -h*f - 41. What is the greatest common factor of 143 and f?
13
Let r(x) = -3*x - 19. Let a be r(-8). Suppose 20 + 1 = 2*p + 5*h, 0 = 4*p - a*h - 27. Calculate the highest common factor of p and 64.
8
Suppose -2*b - 4*a = -40, 2*b - 24 = -0*b + 4*a. Let f be ((-72)/16)/((-3)/b). Let m = f + -2. What is the greatest common factor of m and 33?
11
Let p = 49 + -46. Suppose -p*f = -104 + 71. Calculate the highest common factor of f and 1.
1
Let g = -132 - -136. Let m be (-72 + 0 + g + -1)/(-1). Calculate the greatest common factor of 3 and m.
3
Suppose -4*s - 2*w = 4, 2*w - 8 = 4*w. Let z be 6 - (0/1 - s). What is the highest common divisor of 49 and z?
7
Suppose 5*s - 15785 = 1970. Let d = 2159 - s. Let j be d/(-21) + (-4)/14. Calculate the highest common factor of 6 and j.
6
Let u(n) = -2*n**3 - 72*n**2 + n + 76. Let m be u(-36). What is the highest common factor of m and 32?
8
Let d(f) = 32*f - 11. Let k(g) = 4*g. Let z be k(1). Let v be d(z). What is the highest common factor of 13 and v?
13
Suppose 6 - 1 = 4*w - i, -5*w + i + 5 = 0. Let a be 84 - (-3 - (-7 - w)). What is the greatest common factor of 32 and a?
16
Let t(q) = q**2 - q + 137. Let w be t(0). Let b = w - 38. Let a be (-330)/(-36) - 1/6. Calculate the highest common factor of b and a.
9
Let f(p) = -p**3 + 10*p**2 + 30*p - 48. Let u be f(12). What is the greatest common divisor of 40 and u?
8
Let a = -7 + 9. Suppose 2*z - a*h = 7*z + 65, 2*h - 10 = 0. Let q = 13 - z. Calculate the greatest common divisor of 70 and q.
14
Let j be (-55)/(-35) + (-6)/(-14). Let t be 3 + -1 - (9/(-3) + j). What is the greatest common factor of t and 15?
3
Suppose 0*h - 146 = -5*h + 4*q, 2*h = -2*q + 62. Suppose -2*f + h = -2*r, -2*f = 2*f + 5*r - 69. Calculate the greatest common divisor of f and 4.
4
Let j = -25 + 23. Let w be 1/(-3) - j/6. Let u be (-2 - w)/((-3)/144). Calculate the highest common divisor of 12 and u.
12
Let v(h) = h**3 - 8*h**2 - 8*h + 1. Let n be v(9). Suppose -n*o = -7*o - 51. Calculate the highest common factor of o and 221.
17
Let b(s) = -s**3 + 14*s**2 - 40*s + 25. Let g be b(9). Let c be (-10)/30 - 526/(-3). Calculate the highest common divisor of c and g.
35
Let a(x) = -126*x**2 - 4 + 126*x**2 - x - 4*x**3. Let k be a(-2). Calculate the greatest common divisor of k and 210.
30
Let v(q) = q**2 + 9*q + 21. Let z be v(-6). Suppose -97 = -z*b - 16. What is the greatest common divisor of 243 and b?
27
Let d be 0*-5*3/(-60). Let n be -3 - -2 - d - -153. Let o be ((-2)/(-4))/(1/38). Calculate the highest common factor of o and n.
19
Let l = -23 - -28. Suppose l*o + 2 + 3 = 0, 3*o - 21 = -4*b. Calculate the highest common factor of b and 24.
6
Let q be 26/(-156) - 1610/(-12). Calculate the greatest common factor of q and 1139.
67
Let y(k) = -297*k + 110. Let i be y(-5). Calculate the greatest common divisor of i and 55.
55
Let f be (-26)/(-8) + 1/(-4). Let p = -171 + 170. Let j = f + p. Calculate the highest common divisor of j and 10.
2
Let h(f) = 10*f + 258. Let g be h(12). What is the highest common divisor of 14 and g?
14
Let i be (-1)/((-163)/41 - -4). Let y = -24 - i. Calculate the highest common factor of 119 and y.
17
Let d(m) = m**3 - 7*m**2 - 20*m + 179. Let v be d(14). What is the highest common factor of 41 and v?
41
Suppose 0 = l + g + 4, -l - g = 4*l. Suppose -3*i + 0*f - 15 = -f, 3*i + 3*f + 3 = 0. Let d be 1/i - 27/(-12). Calculate the greatest common factor of l and d.
1
Let n = -18 - -27. Let u be (6/n)/(4/54). Calculate the greatest common factor of u and 72.
9
Suppose 5*d - 8 + 174 = 4*z, -5*z - 2*d + 191 = 0. Calculate the highest common factor of z and 52.
13
Suppose m - 4*n = 125 - 17, 2*m - 216 = 4*n. Let d be (3/(-4))/(2 - 132/64). Calculate the highest common factor of d and m.
12
Let u be 2/(-3)*-3 - -127. Suppose 159 + u = 4*a. Suppose -2*f - 104 = -15*f. What is the highest common divisor of f and a?
8
Let y(x) = 3*x**2 + x - 4. Let m be y(6). Let l be (-1)/3*(38 + -53). What is the highest common divisor of m and l?
5
Suppose -67*o + 52*o + 15 = 0. What is the greatest common factor of o and 43?
1
Let g = 10 - -10. Let h(j) = 6*j**2 + j - 5. Let c = 13 - 18. Let o be h(c). Calculate the highest common factor of g and o.
20
Let q(y) = y**3 - 5*y**2 + 4*y - 8. Let c be q(5). What is the highest common divisor of c and 186?
6
Suppose -4*k + k + 4